emainder when 846 is divided by q(6).
83
Suppose 7*k - 144 - 836 = 0. Let z = k + -136. Suppose 3*b - 2*n - 96 = 0, -z*b = -6*b + n + 64. What is the remainder when 48 is divided by b?
16
Calculate the remainder when (38352/(-470))/((-6)/20) is divided by 175.
97
Suppose 16*p = 10*p + 12. Suppose -5*s + p*s = 5*s. Suppose 0 = 7*j - 2*j + f - 13, s = 4*j + f - 10. Calculate the remainder when 31 is divided by j.
1
Suppose 2*d = -72*c + 75*c - 485, 646 = 4*c - 3*d. Calculate the remainder when c is divided by 50.
13
Let z(q) = 3*q**2 + 455*q + 2659. What is the remainder when 461 is divided by z(-6)?
17
Let w be (-48)/(-96) - 771/2. Let y = w - -407. What is the remainder when 48 is divided by y?
4
Let r = 108 + -104. Suppose 0 = -7*i - 10 - r. Calculate the remainder when 4 is divided by i*(28/(-8) - -1 - -2).
0
Suppose 0 = 168*i - 81*i - 223242. What is the remainder when i is divided by 3?
1
Suppose -319 - 437 = -7*i. Suppose -i*q + 190 = -98*q. What is the remainder when 62 is divided by q?
5
Suppose 2*d = 5*o + 294, d - 487 = -2*d - 4*o. Suppose 35 = 2*w - 5*g, -3*w = 6*g - 10*g - 42. What is the remainder when d is divided by w?
7
Let r = -5022 - -5792. Calculate the remainder when r is divided by 252.
14
Let l(r) = 4*r**2 - 43*r + 24. Let t be l(10). What is the remainder when 644 is divided by ((-90)/(-27))/(t/(-27))?
14
Suppose -2*x - 4 - 8 = 0. Let c be (-45 - x)*4/12. What is the remainder when 40 is divided by (0 - -1)/((13/(-14))/c)?
12
Let p = 231055 - 231042. Calculate the remainder when -1 - ((-64 - -1) + 1) is divided by p.
9
Let w be 18/2 + (-240)/48. Suppose 2*j = -w*l + 88, -4*j - 14*l = -18*l - 200. What is the remainder when j is divided by 3?
0
Suppose -3*t - 4114 = -4*b, 81*b + 2*t = 79*b + 2064. Calculate the remainder when b is divided by 340.
10
Let p(k) = -19*k - 205. Let v be p(0). Let d = v - -280. Calculate the remainder when 369 is divided by d.
69
Calculate the remainder when 949 is divided by (96 + -1)/((-95)/(-38)).
37
Suppose 7374 = 3*k - 5*f, 12346 = 5*k + 16*f - 15*f. Calculate the remainder when k is divided by 16.
4
Let c(w) = -w**3 + 6*w**2 - 25*w + 124. Let t(s) = s**3 + 12*s**2 - 3*s + 1. Let r be t(-7). What is the remainder when r/6 + 2/(-4) is divided by c(5)?
20
Suppose 12075*m + 220 = 12085*m. What is the remainder when 1708 is divided by m?
14
Suppose -240*o + 377556 = 10*o + 69556. What is the remainder when o is divided by 307?
4
What is the remainder when 1250/20*(-3 - (-3 - (0 - -2))) is divided by 17?
6
Let d be 2 - 64/34 - (-147)/51. Suppose 4*z = -4*s + 8*z + 164, 4*z - 109 = -d*s. What is the remainder when 48 is divided by (13/s)/(2/84)?
6
Let h(l) = -7*l**3 - 30*l**2 - 63*l - 13. What is the remainder when 3526 is divided by h(-2)?
47
Let g = 54 - -8. Let b = g - 48. Calculate the remainder when b is divided by 10.
4
Suppose 19*j - 9641 = -12*j - 0*j. What is the remainder when j is divided by 95?
26
Suppose 88*d = 41*d + 21526. Calculate the remainder when d is divided by 86.
28
Suppose 5*v = 3*z - 808 + 888, 3*z + 54 = 3*v. Calculate the remainder when 1124 is divided by v.
6
Suppose 3*i - i = 16. Let d(u) = 4*u**2 - 17*u + 52. Let h = -186 - -189. Calculate the remainder when d(h) is divided by i.
5
Suppose -d - 2 = -x, 2 = -3*x - d - 4*d. Let q be 1/(x - 452/456). Suppose u + 194 = 6*u + 2*y, q = 3*u + 2*y. What is the remainder when u is divided by 14?
12
Suppose -44 = -21*w + 208. Calculate the remainder when 982 is divided by w.
10
Suppose -4*x - 2*r + 587 = 159, 0 = 2*x - 3*r - 198. Let t(m) = m**3 + 14*m**2 + 124*m + 554. What is the remainder when x is divided by t(-7)?
18
Suppose -z = -3*g - 1, -8 = z + 5*g - 49. Suppose c = 2 + z. Calculate the remainder when 67 is divided by c.
13
Suppose 757 = 19*s + 149. What is the remainder when s is divided by 5?
2
Suppose -3251 = -3*t - 476 + 2616. What is the remainder when t is divided by 45?
42
Suppose -z = -5*c - 110 - 212, -3*c - 1407 = -4*z. What is the remainder when 5711 is divided by z?
356
What is the remainder when 138 is divided by (22/(-66))/((-2)/(-84)*(-12)/18)?
12
Suppose 8*g - 7*g - 12 = 5*n, 4*g - 71 = -3*n. Suppose g*o + 1280 = 33*o. Suppose 3*w = w + 86. What is the remainder when o is divided by w?
37
Let n = -22 + 43. Let b(r) = -5*r + 135. Let p be b(26). What is the remainder when 57 - (0 + 4 - p - 4) is divided by n?
20
Let c = -9167 + 9310. Calculate the remainder when 414 is divided by c.
128
Suppose -3*y + 152 = 2*q, 4*y - 57 = -2*q + 91. Calculate the remainder when 584 is divided by q.
10
Let v = 261 - 175. Let o be ((-50)/(3 + 7) - -23)*-4. Let w = o + v. What is the remainder when 23 is divided by w?
9
Let w(r) = r**2 - 5*r + 9. Let c be w(7). Let x = c - 18. Suppose -x = -u + 35. What is the remainder when u is divided by 21?
19
Let h = -115 + 132. Suppose 47 = 5*m + h. What is the remainder when 18 is divided by m?
0
Suppose 3*b = -11 + 17. What is the remainder when 139 is divided by 1/(b + (-126)/66)?
7
Suppose 14*v = -46 + 1068. What is the remainder when v is divided by (-3)/(-9)*(4 - (-5 + -108))?
34
Let p(i) = i**3 - 8*i**2 + 7*i - 10. Let h = 24 + -15. Let b(d) = d**3 - d**2 - 4*d + 2. What is the remainder when p(h) is divided by b(4)?
32
Let s = -1226 - -1638. Calculate the remainder when s is divided by 26.
22
Let v be ((-7)/28)/((-2)/8). What is the remainder when 59 is divided by v*(-1 - (-2 - 2))?
2
Let a(h) = 6*h - 24. Let i be a(5). Suppose -2*v + i = -v. Suppose -x + j = 2*x - 387, -2*j = -v. Calculate the remainder when x is divided by 33.
31
Let o(z) = 14*z - 7. Let c = -8 - -223. Let y = c - 147. What is the remainder when y is divided by o(3)?
33
Let q be 2 + 1 - (-3 + 584)/(-7). Suppose q*u - 85*u - 19 = 0. Let j = 132 - 78. Calculate the remainder when j is divided by u.
16
Let w be (-8834)/(-7) - (-8)/1. What is the remainder when w/2 + (0 - -9) is divided by 72?
68
Suppose 0 = -8*z + 119 + 69 - 28. Calculate the remainder when 8119 is divided by z.
19
Suppose -2*g - 3*r = -533, 541 = 133*g - 131*g - 5*r. Calculate the remainder when g is divided by 18.
16
Let n = 91 + 5. Suppose 2*i = 12*k - 11*k + 73, -4*k = 4. What is the remainder when n is divided by i?
24
Let s be -2*-221*(-4)/8. Calculate the remainder when -3 - 63/(-7) - s is divided by 33.
29
Let u(f) = 34*f - 468. Let s(w) = -9*w**3 - 2*w**2 + w. Let a be s(1). Let q = a - -23. Calculate the remainder when q is divided by u(14).
5
Suppose -3657 = -27*l - 26*l. What is the remainder when 540 is divided by l?
57
Suppose 29*p = 34*p + 4*o - 144, -o - 18 = -p. Suppose -4*t + 2*d + 386 = 0, -2*d - 5 - 1 = 0. Calculate the remainder when t is divided by p.
23
Let d(j) = -4*j**2 + 2*j + 32. Let x(o) = -3*o**2 + 2*o + 33. Let z(h) = 2*d(h) - 3*x(h). What is the remainder when 232 is divided by z(-6)?
11
Let o(y) = 33*y**2 - y - 1. Suppose 5*m + 4*j - 100 = 30, 3*m = 3*j + 51. What is the remainder when o(2) is divided by m?
19
Suppose -5042*s = -5063*s + 1596. Let k(x) = 3*x**3 - 5*x**2 - 2*x - 2. Calculate the remainder when k(6) is divided by s.
74
Let v be ((-20)/(-6))/((-221)/51 - -5). Suppose v*o - 116 = -3*r + 34, -o + 42 = 3*r. What is the remainder when 171 is divided by o?
9
Calculate the remainder when 575 is divided by ((-48)/14)/((-152)/2128).
47
Calculate the remainder when (-6)/48*-16*302 is divided by 201.
1
Let g = -354 - -389. Let m be (108/8)/(-3)*6. Let h = 46 + m. What is the remainder when g is divided by h?
16
Let i(j) = 5*j**3 + 2*j**2 - 4*j + 2. Let h = 21314 + -21286. Calculate the remainder when i(2) is divided by h.
14
Suppose 462 = 5*u - 2*g + g, -2*g - 280 = -3*u. What is the remainder when (4 - u/22) + (-1762)/(-11) is divided by 15?
10
What is the remainder when ((-18)/12)/(-1)*291880/60 is divided by 100?
97
Suppose -5*t - 3*n + 5 = -14, -3 = -n. Let l(y) = -6*y + 19. Let o(j) = -j**2 - j + 5. What is the remainder when l(t) is divided by o(0)?
2
Suppose -144*b = -137*b - 47586. Suppose 38*u - b = 16*u. What is the remainder when u is divided by 12?
9
Let a be -7 + (-6)/18*-30. Suppose -7*t + 3*t + 5*y = -803, 631 = a*t + 2*y. Calculate the remainder when t is divided by 42.
39
Let p(w) = 7*w - 1. Let h be p(1). Calculate the remainder when ((-45)/h - -1)*-2 is divided by 18/2 - 68/289*17.
3